0 + n. What is the units digit of d?
1
Let o(t) be the second derivative of -t**4/12 + t**3 - 5*t**2/2 + t. Let r be o(4). Suppose r*d + 0*d - 30 = 0. What is the tens digit of d?
1
Suppose -5*t - z = -4*z - 1372, t = -5*z + 252. What is the tens digit of t?
7
Let d(b) = -b**3 + 4*b**2 - 4*b + 3. Let h be d(2). Let y be 16/(-3) - h/(-9). Let p = -4 - y. What is the units digit of p?
1
Let v = 632 + -338. What is the units digit of v?
4
Let b(v) = v**3 - 5*v**2 - 7*v + 4. Let n be b(6). Let x(h) = -4*h. Let f be x(n). Suppose 4*p = -f, 0 = -2*y + y + p + 3. What is the units digit of y?
1
Let k(r) = -10*r**3 - r. Suppose 3*q - 2*q = 4*g + 15, -q + 7 = -2*g. What is the tens digit of k(q)?
1
Let s be (19 + (-1)/(-1))/1. Let m = s + -5. What is the units digit of m?
5
Let a be 3 - 6 - (-58 - 2). What is the units digit of 1*a*(-6)/(-9)?
8
Let n(h) = 3*h - 10. Let f be n(11). Let u = f - 15. What is the units digit of u?
8
Let n = 41 + 64. What is the hundreds digit of n?
1
Suppose -w - 3*t - 10 + 3 = 0, 4*t = 4*w - 4. Let h be (w + (-4)/(-3))*21. Suppose -h*n + 2*n = -35. What is the units digit of n?
7
Suppose -2*u + 15 = -7*u. Let t be (6/u)/(2/(-3)). Suppose a + 10 = t*a. What is the units digit of a?
5
Let w(t) = t**3 + 10*t**2 - 3*t + 11. Let j be -6 + 0 + 2 - 6. What is the units digit of w(j)?
1
Suppose -3 + 23 = 4*q. Suppose -q*g = -5*w + 185, -w - g = -3*w + 72. What is the units digit of w?
5
Suppose -w - 2 + 3 = 0. What is the tens digit of (12 + w)/(11/22)?
2
Let p = -303 - -439. What is the hundreds digit of p?
1
Let i be -3 - (-145 - (2 + 1)). Suppose -4*u + 3*l + 127 = -0*l, i = 5*u - l. What is the units digit of u?
8
Let m = -2 + 5. Let t(q) be the first derivative of -q**2/2 + 4*q + 11. What is the units digit of t(m)?
1
Let v(b) = b + 3. Let l be v(-9). Let k be (-1 - 1)/(4/l). Let j(i) = -i**2 + 4*i + 1. What is the units digit of j(k)?
4
Suppose 3*l = f - 18, 0 = -0*f + 2*f - l - 36. Suppose 31 = -3*o - 5*t, o - 2*t = 2*t + f. What is the units digit of (-2 - o - -7) + 1?
8
Let p = -3 - -3. Suppose 5*w + 0*w - 30 = p. What is the units digit of w?
6
Suppose 46 = d + 3*u, 4*u = 6*u - 4. What is the tens digit of d?
4
Let k be 8/2*2 - 1. What is the units digit of 19/k - 2/(-7)?
3
Let j = 67 - 19. What is the units digit of j?
8
Let m = -56 + 100. Suppose -m = -u - 2. What is the tens digit of u?
4
Suppose 0 = 8*w - 7*w - 9. What is the units digit of w?
9
Let w = 92 + 101. What is the units digit of w?
3
Suppose 6*r - 365 = 265. What is the tens digit of r?
0
Suppose 2*p - 2 = 0, 3*p - 9 + 30 = 2*k. What is the units digit of 43 - (k/(-4))/1?
6
Let o(n) be the second derivative of n**5/20 - 5*n**4/12 - 4*n**2 - n. Let x be o(6). Suppose 10 = -3*g + x. What is the units digit of g?
6
Let t be 9*(-2 - 1 - -4). Suppose 2*z + 1 = t. Suppose s = -3 + z. What is the units digit of s?
1
Suppose -5*j = -w + 3*w - 64, -4*w - 16 = -2*j. What is the units digit of j?
2
Suppose n = -3*x + 58, 0*x = -2*x + n + 37. What is the units digit of x?
9
Let g be 4/(-10)*5*-1. Let h be g/(-11) - (-1200)/(-55). Let z = -12 - h. What is the tens digit of z?
1
Let b(q) = q + 5. Let u be b(-2). What is the tens digit of (42/u)/(-1)*-1?
1
Suppose -q + 60 = -4*q. Let c = 7 + q. Let x = 3 - c. What is the tens digit of x?
1
Let c(g) = g**3 - 5*g**2 - 7*g + 5. Let i(s) = -s**3 + 5*s**2 + 7*s - 5. Let q(t) = -4*c(t) - 3*i(t). What is the units digit of q(6)?
1
Let u(r) = 6*r - 10. What is the units digit of u(5)?
0
Let x be 3/(-2) + (-9)/18. What is the tens digit of (x - -22)*24/10?
4
Suppose 0 = 14*z - 9*z - 315. What is the tens digit of z?
6
Let l = 26 + -18. Let z(p) = -p**3 - 3*p**2 + 6*p - 4. Let d be z(-5). Let b = d - l. What is the units digit of b?
8
Let c = -25 - -29. Suppose -c - 2 = -2*b. What is the units digit of b?
3
Let v(p) = -p**3 - 13*p**2 + 13*p - 8. Let y be v(-14). Suppose -y*t + 75 = -3*t. What is the units digit of t?
5
Let f = -1 - 2. What is the units digit of f*(3 - 30/3)?
1
Let t = 12 + -3. What is the units digit of t?
9
Suppose -13*o + 5*o + 96 = 0. What is the units digit of o?
2
Suppose 7 = -q + 41. What is the tens digit of q?
3
Let o be 4/(-10) - 62/(-5). Suppose -2*v - 3*v = -10. Let m = o - v. What is the tens digit of m?
1
Suppose -n + 2*n = 0. Let k be 1 + 0 + n + 3. Suppose 4*a - a + 11 = 5*f, -10 = -k*f + 3*a. What is the units digit of f?
1
Let z = -2 - -7. Suppose -z*a - 17 = 4*r, -2*a = -3*r - 7*a - 14. Let g = r + 5. What is the units digit of g?
2
Let h(q) = -4*q - 2. Let s be h(5). Suppose -5*g + 132 = -63. Let m = s + g. What is the tens digit of m?
1
Let c(w) = w + 5. Let x be 2*-1 + 21 + 1. Suppose 0*t + x = 5*t. What is the units digit of c(t)?
9
Let s = 13 + -12. What is the units digit of s?
1
Let o(k) = -k**3 - k**2 + 4*k + 2. Suppose 0 = -3*a + l + 10, -l = -3*a + 4*l + 26. Suppose n - 3 = a*n. What is the units digit of o(n)?
8
Suppose 3*b - 206 = 34. Suppose 4*x = -28 + b. What is the units digit of x?
3
Let c be 4/(-1)*(-39)/6. Suppose -c - 1 = -3*s. What is the units digit of s?
9
Let v be (-6)/(-3)*(-6)/4. Let s be (-27)/v + (-4)/(-2). Let h = s + -5. What is the units digit of h?
6
Suppose 0 = -5*v + 2*c + 1698, 11*v - c = 7*v + 1356. What is the tens digit of v?
3
Suppose 0 = 5*x - 280 - 395. What is the hundreds digit of x?
1
Let l = 8 + -3. Suppose -l*f = -5*k - 10, k - 2*f + 3 = -2*k. Let o = k - -2. What is the units digit of o?
3
Let k(w) = 2*w - 5. Let d be k(4). Suppose n = -2*s + 6, s = -d*n - n + 10. Suppose -5*o - 5*l = 10, 2*l + 2*l + 14 = n*o. What is the units digit of o?
1
Suppose 0 = 2*s - 2, 4*s + 2 = 4*c - 34. Let p = c - 14. Let y = -3 - p. What is the units digit of y?
1
Let l = 241 + 31. What is the tens digit of l?
7
Suppose -2*k - 3*h + 150 = -193, 665 = 4*k - h. What is the tens digit of k?
6
Let r(t) = -6*t - 6. Suppose 0 = -2*b - 5 - 3. What is the tens digit of r(b)?
1
Let c(u) = 7*u**3 - 17*u**2 + 21*u - 11. Let b(f) = -4*f**3 + 9*f**2 - 11*f + 6. Let y(v) = 5*b(v) + 3*c(v). What is the tens digit of y(5)?
1
Let h = 225 + -120. What is the units digit of h?
5
Let q = 12 - 9. Suppose q*r - 17 = 4. What is the units digit of r?
7
Let c(y) = y**3 + 4*y**2 - 3*y - 5. What is the units digit of c(-2)?
9
Suppose 2*y - 288 - 28 = 0. What is the hundreds digit of y?
1
Let n = 40 - 6. What is the tens digit of n?
3
Let b(v) = v - 2. Let a be b(4). Suppose 5*q + 3*c = 70, 2*c + 44 = a*q - 0*c. What is the units digit of q?
7
Let w(s) = s + 12. Let x be w(-8). Let l(z) = x + 3*z - z - z. What is the units digit of l(3)?
7
What is the units digit of (-11 + -1)*(-22)/4?
6
What is the units digit of (3 + -4 + 2)*(0 - -37)?
7
What is the tens digit of (-9426)/(-42) + 8/14?
2
Suppose 0*c = 4*c - 12. Suppose -c*i + 4 + 5 = 0. What is the units digit of (-64)/(-12)*i/2?
8
Suppose 3*d - 8 = i + d, -3*d - 6 = 3*i. What is the tens digit of 18 + 5 + -3 + i?
1
Let f(l) = -l + 4. Let y be f(3). What is the units digit of 6/(-3)*-6 - y?
1
Let m(s) = s**3 + 5*s**2 - 3*s - 4. Let v(g) = -g**2 - 2*g + 3. Let y be v(2). Let b be m(y). Suppose 6*k - 5*k = b. What is the tens digit of k?
1
Let y = -43 - -14. Let n = y + 52. What is the units digit of n?
3
Let c be 20/3*(0 - 6). Let z be (-16)/c - 2/5. Let n(m) = m**3 - m**2 - m + 2. What is the units digit of n(z)?
2
Let v(i) be the first derivative of 3*i**2/2 - 3*i - 3. Let l be v(2). Suppose l*p - 79 = -19. What is the tens digit of p?
2
Let d(o) = 2*o**2 - 22*o - 5. What is the units digit of d(16)?
5
Suppose -3 = -z + 15. Suppose z - 8 = k. Suppose -5*l + 25 = k. What is the units digit of l?
3
Let w be 3*(-6)/(-3*1). Let c = -3 + w. Suppose -5 = -c*i + 25. What is the units digit of i?
0
Suppose -4*x - 4*a + 32 = 0, 7 + 4 = -3*x + 4*a. Suppose -c + 2*c + 5 = 0, -x*c - 30 = -y. What is the units digit of y?
5
Let d(q) = -q**3 - 6*q**2 + 17*q + 10. What is the units digit of d(-9)?
0
Let m(u) = -4*u**2 - u + 2. Let r(s) = 4*s**2 + s - 2. Let j(c) = -4*m(c) - 3*r(c). What is the units digit of j(-2)?
2
Let z(v) be the first derivative of v**4/2 + v**3/3 - 3*v**2/2 + 5*v + 7. What is the units digit of z(2)?
9
Let g = 6 + -8. Let i(o) = o + 2. Let d be i(g). What is the units digit of (-25)/(-5)*(1 - d)?
5
Suppose i = -3*x - i + 139, -5*i = 